420
Calculate the highest common factor of 328984 and 1448366.
1394
What is the greatest common factor of 56636539 and 410?
41
Calculate the highest common factor of 8730 and 20901366.
1746
Calculate the highest common factor of 11796 and 308004.
12
What is the greatest common factor of 1071672 and 208?
8
What is the highest common divisor of 297458562 and 20986?
2998
Calculate the greatest common divisor of 994 and 1007199326.
994
What is the highest common divisor of 27 and 397590579?
27
What is the greatest common factor of 243 and 19146213?
243
Calculate the greatest common divisor of 116 and 1092053.
29
Calculate the greatest common factor of 5059428 and 132.
132
What is the greatest common divisor of 11500230 and 13800?
690
Calculate the greatest common factor of 1353 and 42640287.
123
Calculate the greatest common factor of 7313400 and 403432.
1912
What is the greatest common divisor of 369619313 and 3416?
427
Calculate the greatest common factor of 1066968 and 84448.
1624
What is the highest common divisor of 397550 and 225?
25
What is the greatest common divisor of 5823927 and 473796?
1107
Calculate the highest common divisor of 3421 and 1673491.
311
Calculate the highest common divisor of 186812070 and 12.
6
Calculate the highest common divisor of 18858463 and 26.
13
What is the highest common factor of 2974 and 3321639782?
2974
What is the highest common divisor of 161300 and 8600?
100
Calculate the highest common factor of 156951 and 12.
3
What is the highest common factor of 15840 and 25971440?
880
What is the highest common divisor of 836792900 and 4945?
4945
What is the greatest common divisor of 2754450 and 6150?
150
Calculate the highest common factor of 320832 and 148.
4
Calculate the highest common factor of 39 and 105087.
3
Calculate the highest common factor of 36756 and 9360.
36
What is the highest common divisor of 9 and 7012308?
3
Calculate the highest common divisor of 3515 and 7538155.
95
Calculate the greatest common divisor of 55 and 32062811.
11
Calculate the greatest common factor of 31841 and 61809.
1873
What is the greatest common divisor of 7123 and 12733829?
419
Calculate the greatest common factor of 9 and 228775473.
9
What is the greatest common divisor of 6807198620 and 1220?
1220
What is the greatest common divisor of 115183858 and 4?
2
Calculate the greatest common factor of 272293 and 2401.
49
What is the highest common factor of 42955 and 2197805?
355
Calculate the highest common factor of 24037 and 103747390.
1849
What is the greatest common divisor of 563079979 and 77?
77
What is the highest common divisor of 322 and 7171906?
322
What is the greatest common factor of 8611750 and 29750?
1750
What is the greatest common factor of 3149427512 and 13222?
13222
Calculate the greatest common factor of 39560 and 67320.
40
Calculate the greatest common divisor of 3392 and 967197.
53
Calculate the greatest common factor of 44188890 and 30.
30
Calculate the greatest common divisor of 86933 and 29183.
77
Calculate the highest common divisor of 33384 and 15220536.
2568
What is the greatest common divisor of 192533381 and 4063?
4063
Calculate the highest common divisor of 11986132 and 5536.
692
Calculate the highest common factor of 4141526 and 7463.
439
What is the highest common divisor of 2703 and 3045907?
17
What is the greatest common divisor of 28759521 and 98?
49
What is the highest common divisor of 35258 and 641002?
578
Calculate the highest common factor of 62922423 and 1095.
219
What is the highest common factor of 199355 and 10985?
65
What is the greatest common divisor of 10620 and 735390?
90
What is the highest common divisor of 35734117 and 1004?
251
What is the highest common factor of 11715104 and 128?
32
Calculate the highest common divisor of 35140871 and 13087.
569
Calculate the highest common divisor of 30230178 and 6270.
1254
What is the greatest common divisor of 326 and 1471416974?
326
Calculate the highest common divisor of 108917166 and 30.
6
What is the highest common factor of 576 and 1697418?
18
Calculate the greatest common divisor of 410659842 and 4614.
4614
Calculate the greatest common factor of 939323 and 5929.
847
What is the highest common factor of 253912 and 134436?
68
Calculate the highest common divisor of 900 and 4627836.
36
What is the highest common divisor of 3546106 and 1910?
382
Calculate the highest common factor of 842859 and 1998.
27
What is the highest common divisor of 26581 and 6003109?
1399
Calculate the highest common factor of 172273 and 14345.
19
Calculate the greatest common divisor of 659804 and 327794.
1054
Calculate the highest common divisor of 486036 and 20700.
828
What is the highest common factor of 13039 and 10387?
221
What is the greatest common factor of 13 and 49350743?
13
What is the highest common divisor of 190893 and 62016?
969
Calculate the highest common factor of 934231858 and 14.
14
What is the greatest common factor of 12 and 609632652?
12
What is the highest common factor of 247 and 9118135?
13
What is the highest common factor of 178875 and 21625272?
1431
Calculate the highest common divisor of 30914 and 2755.
29
What is the highest common factor of 19060 and 162719985?
4765
What is the greatest common divisor of 485 and 127908565?
485
Calculate the greatest common factor of 349132 and 25900.
1036
Calculate the highest common divisor of 5254781 and 2037.
679
Calculate the greatest common divisor of 77934771 and 13698.
6849
Calculate the highest common factor of 123625 and 31418000.
2875
What is the greatest common factor of 8 and 419340552?
8
What is the highest common factor of 2017573 and 5735?
1147
What is the highest common divisor of 8425035 and 10?
5
What is the highest common factor of 760465420 and 26?
26
Calculate the greatest common divisor of 4900 and 5039552.
196
What is the highest common factor of 3290 and 799610?
70
Calculate the highest common divisor of 254 and 82111342.
254
Calculate the greatest common divisor of 94310950 and 190300.
8650
What is the greatest common factor of 13011108 and 82181?
2651
Calculate the greatest common divisor of 93 and 6796878402.
93
What is the greatest common divisor of 1732000 and 5750?
250
What is the greatest common divisor of 4077053 and 7655?
1531
Calculate the highest common divisor of 7229577 and 39.
3
What is the greatest common factor of 6 and 5400861?
3
Calculate the highest common divisor of 425432961 and 265.
53
What is the highest common factor of 35904732 and 86188?
2972
Calculate the highest common factor of 70191 and 8155627.
709
What is the greatest common divisor of 6186 and 560156734?
2062
Calculate the highest common factor of 8582 and 265398.
14
What is the highest common divisor of 295034 and 4?
2
Calculate the greatest common divisor of 4978104 and 40920.
744
Calculate the highest common divisor of 11 and 221433399.
11
Calculate the greatest common factor of 447500 and 85625.
625
Calculate the highest common divisor of 4255 and 4782990.
185
Calculate the highest common factor of 14883213 and 74.
37
What is the greatest common divisor of 2562 and 4825842?
42
What is the highest common divisor of 60287 and 2227279?
167
Calculate the highest common divisor of 83800 and 268.
4
Calculate the highest common divisor of 138 and 127327563.
69
What is the highest common factor of 90403754 and 14?
14
Calculate the greatest common factor of 15794944 and 22176.
352
Calculate the greatest common factor of 1106136 and 1854.
18
Calculate the greatest common divisor of 1413 and 11361204.
9
What is the greatest common divisor of 1770 and 10250070?
1770
What is the greatest common divisor of 18204 and 740666?
74
What is the greatest common divisor of 85 and 59192504?
17
Calculate the greatest common divisor of 2706 and 210257102.
902
Calculate the greatest common divisor of 10240 and 46204.
4
What is the highest common factor of 144 and 2806488?
72
Calculate the greatest common factor of 160 and 12142432.
32
Calculate the greatest common divisor of 1188 and 209298.
6
Calculate the greatest common factor of 176540480 and 140.
20
What is the highest common divisor of 16992 and 12227632?
944
Calculate the highest common factor of 115 and 1331.
1
Calculate the greatest common factor 